r when 1696273 is divided by 565256.
505
Calculate the remainder when 4068068 is divided by 55.
48
What is the remainder when 915456 is divided by 152574?
12
Calculate the remainder when 8124 is divided by 5420.
2704
Calculate the remainder when 36961 is divided by 35691.
1270
What is the remainder when 273588 is divided by 273577?
11
Calculate the remainder when 527026 is divided by 263331.
364
Calculate the remainder when 14059 is divided by 1168.
43
What is the remainder when 12364 is divided by 1233?
34
Calculate the remainder when 249403 is divided by 16.
11
What is the remainder when 17932541 is divided by 13176?
5
Calculate the remainder when 134423 is divided by 44777.
92
What is the remainder when 1807846 is divided by 79?
10
What is the remainder when 96410 is divided by 23913?
758
Calculate the remainder when 3025547 is divided by 1008504.
35
What is the remainder when 818010 is divided by 25?
10
What is the remainder when 73158387 is divided by 92?
79
Calculate the remainder when 715601 is divided by 12551.
194
What is the remainder when 117790 is divided by 879?
4
What is the remainder when 100183 is divided by 377?
278
What is the remainder when 10270326 is divided by 354149?
5
Calculate the remainder when 25510402 is divided by 56.
50
Calculate the remainder when 85378 is divided by 85357.
21
Calculate the remainder when 586295 is divided by 131.
70
What is the remainder when 75951755 is divided by 3440?
3435
Calculate the remainder when 43356239 is divided by 21.
17
Calculate the remainder when 118249 is divided by 2149.
54
Calculate the remainder when 131649 is divided by 131635.
14
What is the remainder when 10154 is divided by 3638?
2878
Calculate the remainder when 35314433 is divided by 43.
38
What is the remainder when 1496910 is divided by 49888?
270
Calculate the remainder when 4082303 is divided by 531.
506
Calculate the remainder when 111641877 is divided by 436101.
21
Calculate the remainder when 60282 is divided by 3603.
2634
What is the remainder when 9934874 is divided by 3311617?
23
What is the remainder when 6594512 is divided by 1373?
1366
Calculate the remainder when 355060 is divided by 3781.
3427
Calculate the remainder when 20201795 is divided by 2783.
2781
What is the remainder when 5566850 is divided by 915?
905
Calculate the remainder when 7845172 is divided by 1839.
1837
What is the remainder when 57474641 is divided by 4789543?
125
What is the remainder when 50268096 is divided by 28368?
0
What is the remainder when 5130938 is divided by 2202?
278
What is the remainder when 3478466 is divided by 704?
2
What is the remainder when 45784209 is divided by 19045?
29
What is the remainder when 4133332 is divided by 43971?
58
What is the remainder when 27195 is divided by 6542?
1027
Calculate the remainder when 679589494 is divided by 28.
10
What is the remainder when 2262864 is divided by 452287?
1429
Calculate the remainder when 24966964 is divided by 1421.
1415
Calculate the remainder when 1937014 is divided by 645668.
10
Calculate the remainder when 5449977 is divided by 1816640.
57
Calculate the remainder when 190375 is divided by 190228.
147
What is the remainder when 127468504 is divided by 43?
35
Calculate the remainder when 714914404 is divided by 3565.
3564
What is the remainder when 427251 is divided by 313?
6
Calculate the remainder when 14453743 is divided by 108.
103
Calculate the remainder when 111851672 is divided by 6990728.
24
Calculate the remainder when 166374 is divided by 5529.
504
What is the remainder when 64214 is divided by 1162?
304
Calculate the remainder when 50162 is divided by 96.
50
What is the remainder when 69940 is divided by 69089?
851
Calculate the remainder when 1084 is divided by 679.
405
What is the remainder when 101939 is divided by 31873?
6320
Calculate the remainder when 1006671 is divided by 201303.
156
Calculate the remainder when 3906317 is divided by 92.
89
Calculate the remainder when 16154278 is divided by 208.
166
What is the remainder when 5215200 is divided by 2400?
0
What is the remainder when 130140560 is divided by 2364?
2360
What is the remainder when 7878559 is divided by 49?
45
Calculate the remainder when 47002596 is divided by 1338.
1332
What is the remainder when 32986791 is divided by 6597357?
6
Calculate the remainder when 10014339 is divided by 428.
423
Calculate the remainder when 604533 is divided by 358.
229
Calculate the remainder when 181565 is divided by 461.
392
What is the remainder when 1601770 is divided by 106783?
25
Calculate the remainder when 1040698 is divided by 296.
258
What is the remainder when 54558 is divided by 1755?
153
Calculate the remainder when 218283 is divided by 575.
358
Calculate the remainder when 745867 is divided by 195.
187
What is the remainder when 12098963 is divided by 1344318?
101
What is the remainder when 76711 is divided by 75321?
1390
Calculate the remainder when 11961749 is divided by 123317.
0
What is the remainder when 2946925 is divided by 491144?
61
Calculate the remainder when 1740343 is divided by 174.
169
Calculate the remainder when 215370 is divided by 43071.
15
What is the remainder when 6676470 is divided by 541?
530
What is the remainder when 6682562 is divided by 1946?
1944
What is the remainder when 2875521 is divided by 15?
6
Calculate the remainder when 47321392 is divided by 1577378.
52
What is the remainder when 497175 is divided by 107?
53
Calculate the remainder when 244414 is divided by 204.
22
Calculate the remainder when 21766873 is divided by 195.
193
Calculate the remainder when 16563940 is divided by 358.
354
Calculate the remainder when 2041463 is divided by 4608.
119
Calculate the remainder when 2267228 is divided by 755030.
2138
Calculate the remainder when 9806405 is divided by 104323.
43
What is the remainder when 66923 is divided by 9553?
52
What is the remainder when 172403 is divided by 1814?
73
What is the remainder when 249996 is divided by 80?
76
What is the remainder when 1604539 is divided by 140?
139
What is the remainder when 456297 is divided by 1052?
781
What is the remainder when 9047550 is divided by 628?
582
Calculate the remainder when 3975183 is divided by 4247.
4238
Calculate the remainder when 29341259 is divided by 1079.
12
What is the remainder when 16424772 is divided by 1277?
1275
What is the remainder when 290865384 is divided by 3585?
3579
What is the remainder when 10820653 is divided by 10?
3
Calculate the remainder when 59184189 is divided by 16.
13
Calculate the remainder when 42369624 is divided by 9161.
9160
Calculate the remainder when 94372 is divided by 5025.
3922
What is the remainder when 48989373 is divided by 8?
5
What is the remainder when 21999688 is divided by 678?
622
Calculate the remainder when 370800 is divided by 21794.
302
What is the remainder when 18253 is divided by 415?
408
What is the remainder when 6151487 is divided by 617?
614
Calculate the remainder when 1604568 is divided by 16371.
210
What is the remainder when 588077 is divided by 13612?
2761
Calculate the remainder when 3679022 is divided by 1839493.
36
Calculate the remainder when 3555538 is divided by 892.
26
What is the remainder when 11972279 is divided by 45?
29
Calculate the remainder when 1835048 is divided by 203860.
308
Calculate the remainder when 2260607 is divided by 395.
22
What is the remainder when 121319 is divided by 206?
191
Calculate the remainder when 3003311 is divided by 141.
11
What is the remainder when 823722 is divided by 934?
868
Calculate the remainder when 16998060 is divided by 308.
156
What is the remainder when 14497 is divided by 1964?
749
What is the remainder when 2453034 is divided by 3130?
2244
What is the remainder when 859871 is divided by 156?
155
What is the remainder when 99225 is divided by 1928?
897
Calculate the remainder when 4164655 is divided by 123.
121
What is the remainder when 2597754 is divided by 3515?
169
Calculate the remainder when 30968 is divided by 945.
728
Calculate the remainder when 1503388 is divided by 345.
223
What is the remainder when 11303920 is divided by 661?
159
What is the remainder when 79355 is divided by 13215?
65
Calculate the remainder when 13099398 is divided by 21.
18
Calculate 